{"id":93,"date":"2016-01-24T21:20:07","date_gmt":"2016-01-24T20:20:07","guid":{"rendered":"http:\/\/www.umweltnetz.ch\/content\/umwelt\/"},"modified":"2023-12-02T13:30:39","modified_gmt":"2023-12-02T12:30:39","slug":"umwelt","status":"publish","type":"page","link":"https:\/\/www.umweltnetz.ch\/content\/umwelt","title":{"rendered":"Umwelt"},"content":{"rendered":"<p><strong>Umweltorganisationen\/-aktivit\u00e4ten<\/strong><\/p>\n<ul>\n<li><a href=\"http:\/\/www.energiestiftung.ch\/\" target=\"_blank\" rel=\"noopener\">Schweizerische Energiestiftung SES<\/a><\/li>\n<li><a href=\"https:\/\/www.greenpeace.ch\/\" target=\"_blank\" rel=\"noopener\">Greenpeace Schweiz<\/a><\/li>\n<li><a href=\"https:\/\/www.wwf.ch\/de\" target=\"_blank\" rel=\"noopener\">WWF-Schweiz<\/a> &#8211; Hier gibt es z.B. den <a href=\"http:\/\/www.footprint.ch\/\" target=\"_blank\" rel=\"noopener\">Fussabdruck-Rechner www.footprint.ch<\/a><\/li>\n<li><a href=\"http:\/\/www.sac-cas.ch\/umwelt.html\" target=\"_blank\" rel=\"noopener\">Umwelt SAC (Schweiz. Alpen-Club)<\/a><\/li>\n<li><a href=\"http:\/\/www.verkehrsclub.ch\/\" target=\"_blank\" rel=\"noopener\">Willkommen beim Verkehrs-Club der Schweiz VCS<\/a><\/li>\n<li><a href=\"http:\/\/www.flugemissionen.ch\/\" target=\"_blank\" rel=\"noopener\">Schweizerischer Schutzverbandgegen Flugemissionen<\/a><\/li>\n<li><a href=\"http:\/\/www.aefu.ch\/\" target=\"_blank\" rel=\"noopener\">Aerztinnen und Aerzte f\u00fcr Umweltschutz<\/a><\/li>\n<\/ul>\n<p>&nbsp;<strong>Umweltmanagement<\/strong><\/p>\n<ul>\n<li><a href=\"http:\/\/www.ecospeed.ch\/\" target=\"_blank\" rel=\"noopener sponsored\">ECOSPEED<\/a> &#8211; webbasierte Software zur CO<sub>2<\/sub>&#8211; und Klimabilanzierung, Erstellung von Corporate Carbon Footprint (CCF) und Product Carbon Footprint (PCF)<\/li>\n<li><a href=\"http:\/\/www.iso14000.com\/\" target=\"_blank\" rel=\"noopener\">ISO 14000 Info-Center<\/a><\/li>\n<li><a href=\"http:\/\/www.quality.co.uk\/hometext.htm\" target=\"_blank\" rel=\"noopener\">Quality UK &#8211; EM<\/a><\/li>\n<li><a href=\"http:\/\/www.umweltbundesamt.at\/umweltschutz\/uvpsupemas\/emas\/\" target=\"_blank\" rel=\"noopener\">Umweltbundesamt \u00d6sterreich: EMAS <\/a><\/li>\n<li><a href=\"http:\/\/www.audit.at\/\" target=\"_blank\" rel=\"noopener\">AuditSoftware Homepage Energiebuchhaltung, Sankey,\u00d6kobilanz, Stoffstr\u00f6me und Umweltmanagement<\/a><\/li>\n<li><a target=\"_blank\" rel=\"noopener\">Die aktuelle Liste aller ISO14001-zertifizierten Unternehmen in der Schweiz<\/a><\/li>\n<li><a href=\"http:\/\/www.blauer-engel.de\/\" target=\"_blank\" rel=\"noopener\">Willkommen beim Umweltzeichen Blauer Engel<\/a><\/li>\n<\/ul>\n<p>&nbsp;<strong>Informationsangebote<\/strong><\/p>\n<ul>\n<li><a href=\"http:\/\/www.energie-schweiz.ch\/\" target=\"_blank\" rel=\"noopener\">Aktionsprogramm EnergieSchweiz<\/a><\/li>\n<li><a href=\"http:\/\/www.energielabel.ch\/\" target=\"_blank\" rel=\"noopener\">Energielabel vor allem f\u00fcr Elektronikger\u00e4te<\/a><\/li>\n<li><a href=\"http:\/\/www.oekotest.de\/\" target=\"_blank\" rel=\"noopener\">\u00d6KO-TEST Magazin f\u00fcr Umwelt und Gesundheit<\/a><\/li>\n<li><a href=\"http:\/\/www.abfall.ch\/\" target=\"_blank\" rel=\"noopener\">Abfall in der Schweiz<\/a><\/li>\n<li><a href=\"http:\/\/cerclebruit.ch\/?inc=home&amp;lang=de\" target=\"_blank\" rel=\"noopener\">cercle bruit<\/a> (Zusammenschluss der SchweizerischenL\u00e4rmschutzfachstellen)<\/li>\n<li><a href=\"https:\/\/stadt.winterthur.ch\/themen\/leben-in-winterthur\/energie-umwelt-natur\" target=\"_blank\" rel=\"noopener\">Stadt Winterthur \u2013 Klima, Umwelt &amp; Natur<\/a><\/li>\n<li><a href=\"http:\/\/www.energieeffizienz.ch\/\" target=\"_blank\" rel=\"noopener\">S.A.F.E. &#8211; Schweizerische Agentur f\u00fcr Energieeffizienz<\/a><\/li>\n<li><a href=\"http:\/\/www.ecospeed.ch\/private\/de\/\" target=\"_blank\" rel=\"noopener\">www.labelinfo.ch: Informationen \u00fcber diverse Umwelt-Label<\/a><\/li>\n<li><a href=\"http:\/\/www.topten.ch\/\" target=\"_blank\" rel=\"noopener\">www.topten.ch: Rasch die besten und vorteilhaftesten Produkte und Dienstleistungen z.B. aus \u00f6kologischer Sicht<\/a><\/li>\n<li><a href=\"http:\/\/www.darksky.ch\/\" target=\"_blank\" rel=\"noopener\">www.darksky.ch:<\/a> Dark-Sky Switzerland setzt sich f\u00fcr eine Reduzierung der Lichtverschmutzung ein, um damit n\u00e4chtliche \u00d6kosysteme zu sch\u00fctzen, um eine sichere und angenehmere n\u00e4chtliche Umgebung in Stadt und Land zu f\u00f6rdern und um den Sternenhimmel als Inspirationsquelle der Menschheit zu erhalten.<\/li>\n<\/ul>\n<p>&nbsp;<strong>Firmen<\/strong><\/p>\n<ul>\n<li><a href=\"http:\/\/www.oeko-institut.org\/\" target=\"_blank\" rel=\"noopener\">\u00d6ko-Institut e.V.<\/a><\/li>\n<li>Eine wichtige Grundlage f\u00fcr Bio-Lebensmittel: <a href=\"http:\/\/www.sativa-rheinau.ch\/\" target=\"_blank\" rel=\"noopener\">SATIVA Bio-Saatgut<\/a><\/li>\n<\/ul>\n<p>&nbsp;<strong>Oekostrom<\/strong><\/p>\n<ul>\n<li><a href=\"http:\/\/www.umweltnetz.ch\/oekostrom\/stromcalc.htm\">Stromverbrauchs-Kalkulator<\/a><\/li>\n<li><a href=\"http:\/\/www.oekostrom.eawag.ch\/\" target=\"_blank\" rel=\"noopener\">EAWAG Oekostrom-Projekt<\/a><\/li>\n<li><a href=\"http:\/\/www.naturemade.ch\/\" target=\"_blank\" rel=\"noopener\">Naturemade-Label<\/a><\/li>\n<\/ul>\n<p>&nbsp;<strong>Autofrei wohnen<\/strong><\/p>\n<ul>\n<li><a href=\"http:\/\/www.autofrei.de\/\" target=\"_blank\" rel=\"noopener\">Link aus Deutschland<\/a>&nbsp;<\/li>\n<li><a href=\"https:\/\/wohnbau-mobilitaet.ch\/\" target=\"_blank\" rel=\"noopener\">Plattform autofrei \/ autoarm Wohnen<\/a><\/li>\n<\/ul>\n","protected":false},"excerpt":{"rendered":"<p>Umweltorganisationen\/-aktivit\u00e4ten Schweizerische Energiestiftung SES Greenpeace Schweiz WWF-Schweiz &#8211; Hier gibt es z.B. den Fussabdruck-Rechner www.footprint.ch Umwelt SAC (Schweiz. Alpen-Club) Willkommen beim Verkehrs-Club der Schweiz VCS Schweizerischer Schutzverbandgegen Flugemissionen Aerztinnen und Aerzte f\u00fcr Umweltschutz &nbsp;Umweltmanagement ECOSPEED &#8211; webbasierte Software zur CO2&#8211; und Klimabilanzierung, Erstellung von Corporate Carbon Footprint (CCF) und Product Carbon Footprint (PCF) ISO 14000 &hellip; <a href=\"https:\/\/www.umweltnetz.ch\/content\/umwelt\" class=\"more-link\"><span class=\"screen-reader-text\">\u201eUmwelt\u201c <\/span>weiterlesen<\/a><\/p>\n","protected":false},"author":2,"featured_media":0,"parent":0,"menu_order":0,"comment_status":"open","ping_status":"open","template":"","meta":{"ngg_post_thumbnail":0,"footnotes":""},"class_list":["post-93","page","type-page","status-publish","hentry"],"aioseo_notices":[],"jetpack_sharing_enabled":true,"_links":{"self":[{"href":"https:\/\/www.umweltnetz.ch\/content\/wp-json\/wp\/v2\/pages\/93","targetHints":{"allow":["GET"]}}],"collection":[{"href":"https:\/\/www.umweltnetz.ch\/content\/wp-json\/wp\/v2\/pages"}],"about":[{"href":"https:\/\/www.umweltnetz.ch\/content\/wp-json\/wp\/v2\/types\/page"}],"author":[{"embeddable":true,"href":"https:\/\/www.umweltnetz.ch\/content\/wp-json\/wp\/v2\/users\/2"}],"replies":[{"embeddable":true,"href":"https:\/\/www.umweltnetz.ch\/content\/wp-json\/wp\/v2\/comments?post=93"}],"version-history":[{"count":16,"href":"https:\/\/www.umweltnetz.ch\/content\/wp-json\/wp\/v2\/pages\/93\/revisions"}],"predecessor-version":[{"id":8879,"href":"https:\/\/www.umweltnetz.ch\/content\/wp-json\/wp\/v2\/pages\/93\/revisions\/8879"}],"wp:attachment":[{"href":"https:\/\/www.umweltnetz.ch\/content\/wp-json\/wp\/v2\/media?parent=93"}],"curies":[{"name":"wp","href":"https:\/\/api.w.org\/{rel}","templated":true}]}}